
True
Is 103272444719 composite?
True
Is 2343453017 prime?
False
Is 4329755243 prime?
False
Is 3324358459 composite?
True
Is 3364841747 prime?
True
Is 20889172919 a composite number?
True
Is 21486555703 prime?
True
Is 15263666231 composite?
True
Is 1050185531 composite?
True
Is 28390091 prime?
True
Is 38492923297 a composite number?
False
Is 5596218307 composite?
False
Is 1702662229 prime?
True
Is 743666017 composite?
False
Is 20494551593 composite?
False
Is 1707711749 prime?
False
Is 1496541877 composite?
False
Is 28302482909 prime?
True
Is 11619602713 prime?
False
Is 22479505541 a prime number?
True
Is 4742730343 prime?
False
Is 131146513867 a prime number?
True
Is 167224307 a prime number?
True
Is 95161357813 prime?
True
Is 95595037997 a prime number?
True
Is 7397609 prime?
True
Is 2458243069 composite?
False
Is 10749746507 a prime number?
True
Is 399523757 prime?
True
Is 20748220813 prime?
False
Is 139589977 prime?
True
Is 236118581 a composite number?
False
Is 345777139 a composite number?
True
Is 438760963 a composite number?
False
Is 798646619 prime?
True
Is 5102989211 prime?
False
Is 34182673981 composite?
False
Is 787896019 composite?
True
Is 7543847323 a prime number?
False
Is 3104300119 a prime number?
True
Is 156096559 a composite number?
False
Is 14190381721 composite?
True
Is 85652476127 a composite number?
False
Is 37876238759 prime?
False
Is 99277687127 a composite number?
False
Is 1644484297 a prime number?
False
Is 2421470621 composite?
True
Is 19423719902 composite?
True
Is 2265667111 composite?
False
Is 701422819 a prime number?
True
Is 11009879963 composite?
False
Is 24925171703 a composite number?
False
Is 10510499437 a prime number?
True
Is 374246683 prime?
True
Is 10487774363 a prime number?
False
Is 3679040797 a composite number?
True
Is 2420959589 a prime number?
True
Is 11813972669 a prime number?
True
Is 1570846217 a composite number?
False
Is 856848337 a composite number?
True
Is 365967671 a composite number?
False
Is 49878299671 composite?
False
Is 8149822521 prime?
False
Is 6727082122 composite?
True
Is 12314610541 composite?
True
Is 8011276193 composite?
False
Is 572113343 composite?
False
Is 245558857 a composite number?
True
Is 18797032549 composite?
True
Is 54767599 prime?
True
Is 1307860861 a composite number?
False
Is 3320645591 composite?
False
Is 26280164045 a prime number?
False
Is 3707383237 a composite number?
False
Is 30032149471 a prime number?
True
Is 575013119 prime?
True
Is 1092591629 prime?
True
Is 928600717 prime?
False
Is 3938437037 a prime number?
False
Is 642699389 a composite number?
False
Is 1665206237 a composite number?
True
Is 1541908987 a prime number?
False
Is 4949793293 a prime number?
True
Is 1194887249 prime?
True
Is 2622895637 a composite number?
True
Is 103096087 a composite number?
True
Is 129014133163 a composite number?
False
Is 2381478161 a prime number?
False
Is 14355086003 prime?
True
Is 50116913239 prime?
True
Is 30372229229 composite?
False
Is 4573479289 composite?
True
Is 2172073859 composite?
True
Is 49766026589 a prime number?
False
Is 525973117 a prime number?
True
Is 1912855727 a prime number?
True
Is 19632434909 composite?
False
Is 353588323 a prime number?
False
Is 250012291 a composite number?
False
Is 28808637133 composite?
False
Is 417581189 prime?
True
Is 5721723103 a composite number?
True
Is 236657842 prime?
False
Is 4291971193 a composite number?
False
Is 17758565311 composite?
True
Is 132473837 composite?
False
Is 494058179 a composite number?
True
Is 6357071081 composite?
False
Is 51319663 a prime number?
False
Is 3166068847 prime?
True
Is 159703991 prime?
False
Is 29758995953 a prime number?
True
Is 88582003 composite?
True
Is 67924571707 a prime number?
True
Is 12204912521 a composite number?
True
Is 1972446797 a prime number?
False
Is 28244948989 prime?
True
Is 10781470291 a composite number?
False
Is 922042347 composite?
True
Is 394513039 composite?
False
Is 215720563007 a prime number?
True
Is 9312027497 composite?
True
Is 1398798257 a prime number?
True
Is 54211696337 a prime number?
True
Is 7074760981 a composite number?
False
Is 1139382707 a prime number?
True
Is 1306293581 composite?
False
Is 255558283 a prime number?
False
Is 74789969 prime?
True
Is 11142961261 a composite number?
True
Is 13912031953 a prime number?
True
Is 1463576519 a composite number?
True
Is 1743866753 prime?
True
Is 637444489 composite?
True
Is 264196433 prime?
False
Is 885483883 composite?
True
Is 128737031 a prime number?
False
Is 6468206137 a composite number?
True
Is 26356111 a composite number?
False
Is 55363053439 a composite number?
True
Is 84986501338 a prime number?
False
Is 45349001755 a prime number?
False
Is 8082297371 a composite number?
False
Is 20434897069 composite?
False
Is 1241567381 a prime number?
True
Is 48857551 composite?
True
Is 201089479 a prime number?
False
Is 1272707333 prime?
True
Is 2310356953 a composite number?
False
Is 584783229 a composite number?
True
Is 55853222767 prime?
False
Is 764256341 a composite number?
False
Is 1260352582 composite?
True
Is 3443945803 a prime number?
True
Is 495668702 a prime number?
False
Is 38406598969 a composite number?
False
Is 515135737 a prime number?
False
Is 1475450693 composite?
True
Is 1584951271 composite?
False
Is 222083501 composite?
False
Is 9366775393 a prime number?
True
Is 38925829 a prime number?
False
Is 992702413 a prime number?
True
Is 2077408661 prime?
False
Is 10501552933 prime?
True
Is 4742993945 composite?
True
Is 27478464383 a composite number?
False
Is 9186606223 prime?
True
Is 32224438247 a composite number?
True
Is 342195335 a prime number?
False
Is 1844295407 a prime number?
False
Is 9337910033 a composite number?
False
Is 1980153731 a composite number?
False
Is 1500607319 a prime number?
True
Is 3536410651 a prime number?
True
Is 3240884051 a composite number?
False
Is 277546442057 a composite number?
False
Is 1154416121 a prime number?
True
Is 4468383697 prime?
True
Is 383598979 composite?
True
Is 21577137337 composite?
True
Is 4040805877 composite?
False
Is 7417708297 a composite number?
False
Is 13518467399 a composite number?
False
Is 6362214493 a prime number?
True
Is 8205687983 composite?
False
Is 2387555579 a composite number?
True
Is 8784641231 a composite number?
False
Is 4955067811 a composite number?
True
Is 39073839769 prime?
True
Is 44671159451 a composite number?
True
Is 1440359881 a prime number?
True
Is 672927331 a composite number?
False
Is 759760231 composite?
False
Is 264172362341 a composite number?
False
Is 8177036869 a composite number?
False
Is 183923177 a prime number?
True
Is 949742173 a prime number?
True
Is 10720607455 a composite number?
True
Is 108537007 a composite number?
False
Is 122018861369 composite?
True
Is 258279271 prime?
True
Is 8726797405 prime?
False
Is 2363632367 composite?
True
Is 4067099971 composite?
True
Is 8829768377 a prime number?
True
Is 17531405861 a composite number?
False
Is 40561759729 prime?
True
Is 344662861 composite?
True
Is 1481717431 prime?
False
Is 426964619 composite?
True
Is 1011211783 composite?
True
Is 139803617 prime?
True
Is 27823849 prime?
False
Is 311612071 composite?
False
Is 2640175403 composite?
False
Is 2268389069 a prime number?
False
Is 103820433499 prime?
True
Is 8192582729 a prime number?
True
Is 14100578869 prime?
False
Is 110648041319 composite?
False
Is 223254067 a composite number?
True
Is 822114607 prime?
False
Is 1725370567 a prime number?
True
Is 1093982471 a composite number?
False
Is 330711295 a prime number?
False
Is 21570310591 a prime number?
True
Is 3994260341 composite?
False
Is 3532431803 prime?
False
Is 191769653 a composite number?
True
Is 94108368149 prime?
True
Is 3108437869 composite?
True
Is 64853191991 prime?
False
Is 185563141 a composite number?
True
Is 376952909779 a prime number?
False
Is 228043747 composite?
True
Is 2179248907 a composite number?
True
Is 36015179723 a prime number?
False
Is 161678131 prime?
True
Is 53010953 prime?
True
Is 4666415849 composite?
False
Is 1019311967 a composite number?
False
Is 54448895 prime?
False
Is 4996753141 a prime number?
True
Is 17574034099 a prime number?
True
Is 134175965177 composite?
False
Is 39126673 composite?
True
Is 87757927 a comp